{"id":407,"date":"2023-10-16T03:38:09","date_gmt":"2023-10-16T03:38:09","guid":{"rendered":"https:\/\/cepheienergy.com\/site\/?page_id=407"},"modified":"2023-10-16T03:41:57","modified_gmt":"2023-10-16T03:41:57","slug":"urbana","status":"publish","type":"page","link":"https:\/\/cepheienergy.com\/site\/urbana\/","title":{"rendered":"URBANA"},"content":{"rendered":"\t\t<div data-elementor-type=\"wp-page\" data-elementor-id=\"407\" class=\"elementor elementor-407\" data-elementor-post-type=\"page\">\n\t\t\t\t\t\t<section class=\"elementor-section elementor-top-section elementor-element elementor-element-1c862ba elementor-section-boxed elementor-section-height-default elementor-section-height-default\" data-id=\"1c862ba\" data-element_type=\"section\" data-e-type=\"section\">\n\t\t\t\t\t\t<div class=\"elementor-container elementor-column-gap-default\">\n\t\t\t\t\t<div class=\"elementor-column elementor-col-100 elementor-top-column elementor-element elementor-element-cf142bc\" data-id=\"cf142bc\" data-element_type=\"column\" data-e-type=\"column\">\n\t\t\t<div class=\"elementor-widget-wrap elementor-element-populated\">\n\t\t\t\t\t\t<div class=\"elementor-element elementor-element-f9a0d7b elementor-widget elementor-widget-heading\" data-id=\"f9a0d7b\" data-element_type=\"widget\" data-e-type=\"widget\" data-widget_type=\"heading.default\">\n\t\t\t\t<div class=\"elementor-widget-container\">\n\t\t\t\t\t<h2 class=\"elementor-heading-title elementor-size-default\">LUCES PARA PATIO<\/h2>\t\t\t\t<\/div>\n\t\t\t\t<\/div>\n\t\t\t\t<div class=\"elementor-element elementor-element-aea000e elementor-widget elementor-widget-image\" data-id=\"aea000e\" data-element_type=\"widget\" data-e-type=\"widget\" data-widget_type=\"image.default\">\n\t\t\t\t<div class=\"elementor-widget-container\">\n\t\t\t\t\t\t\t\t\t\t\t\t\t\t\t<img fetchpriority=\"high\" decoding=\"async\" width=\"984\" height=\"220\" src=\"https:\/\/cepheienergy.com\/site\/wp-content\/uploads\/2023\/10\/Cephie-luces-para-patio-o-urbana.webp\" class=\"attachment-full size-full wp-image-409\" alt=\"\" srcset=\"https:\/\/cepheienergy.com\/site\/wp-content\/uploads\/2023\/10\/Cephie-luces-para-patio-o-urbana.webp 984w, https:\/\/cepheienergy.com\/site\/wp-content\/uploads\/2023\/10\/Cephie-luces-para-patio-o-urbana-300x67.webp 300w, https:\/\/cepheienergy.com\/site\/wp-content\/uploads\/2023\/10\/Cephie-luces-para-patio-o-urbana-768x172.webp 768w\" sizes=\"(max-width: 984px) 100vw, 984px\" \/>\t\t\t\t\t\t\t\t\t\t\t\t\t\t\t<\/div>\n\t\t\t\t<\/div>\n\t\t\t\t<div class=\"elementor-element elementor-element-9cc0589 elementor-widget elementor-widget-text-editor\" data-id=\"9cc0589\" data-element_type=\"widget\" data-e-type=\"widget\" data-widget_type=\"text-editor.default\">\n\t\t\t\t<div class=\"elementor-widget-container\">\n\t\t\t\t\t\t\t\t\t<p>Las luces para patio es un tipo de iluminaci\u00f3n exterior. Utiliza un nuevo tipo de semiconductor LED como iluminante. Por lo general, se refiere a la iluminaci\u00f3n exterior que ilumina un \u00e1rea de menos de 6 metros cuadrados. Sus componentes principales incluyen una fuente de luz LED, una carcasa, un poste y una brida. El disco y las partes b\u00e1sicas empotradas est\u00e1n compuestas por 5 partes. Debido a que la luces para patio LED las caracter\u00edsticas de versatilidad, est\u00e9tica, paisajismo y decoraci\u00f3n del ambiente exterior, tambi\u00e9n es llamada luz paisajista para jard\u00edn. Tiene las caracter\u00edsticas de ahorro de energ\u00eda y alta eficiencia. Se utiliza principalmente para iluminar las v\u00edas urbanas lentas, las v\u00edas estrechas, los barrios residenciales, las atracciones tur\u00edsticas, los lugares p\u00fablicos como los parques y las plazas, lo que puede prolongar el tiempo que la gente pasa en las actividades al aire libre y mejorar la seguridad de las propiedades.<\/p>\t\t\t\t\t\t\t\t<\/div>\n\t\t\t\t<\/div>\n\t\t\t\t<div class=\"elementor-element elementor-element-0448e6d elementor-widget-divider--view-line elementor-widget elementor-widget-divider\" data-id=\"0448e6d\" data-element_type=\"widget\" data-e-type=\"widget\" data-widget_type=\"divider.default\">\n\t\t\t\t<div class=\"elementor-widget-container\">\n\t\t\t\t\t\t\t<div class=\"elementor-divider\">\n\t\t\t<span class=\"elementor-divider-separator\">\n\t\t\t\t\t\t<\/span>\n\t\t<\/div>\n\t\t\t\t\t\t<\/div>\n\t\t\t\t<\/div>\n\t\t\t\t<div class=\"elementor-element elementor-element-aba635a elementor-widget elementor-widget-heading\" data-id=\"aba635a\" data-element_type=\"widget\" data-e-type=\"widget\" data-widget_type=\"heading.default\">\n\t\t\t\t<div class=\"elementor-widget-container\">\n\t\t\t\t\t<h2 class=\"elementor-heading-title elementor-size-default\">Series Halo luminaria exterior poste De Brazo Simple &amp; Brazo Doble<\/h2>\t\t\t\t<\/div>\n\t\t\t\t<\/div>\n\t\t\t\t<section class=\"elementor-section elementor-inner-section elementor-element elementor-element-2449335 elementor-section-boxed elementor-section-height-default elementor-section-height-default\" data-id=\"2449335\" data-element_type=\"section\" data-e-type=\"section\">\n\t\t\t\t\t\t<div class=\"elementor-container elementor-column-gap-default\">\n\t\t\t\t\t<div class=\"elementor-column elementor-col-50 elementor-inner-column elementor-element elementor-element-90c26bb\" data-id=\"90c26bb\" data-element_type=\"column\" data-e-type=\"column\">\n\t\t\t<div class=\"elementor-widget-wrap elementor-element-populated\">\n\t\t\t\t\t\t<div class=\"elementor-element elementor-element-13fc38f elementor-widget elementor-widget-image\" data-id=\"13fc38f\" data-element_type=\"widget\" data-e-type=\"widget\" data-widget_type=\"image.default\">\n\t\t\t\t<div class=\"elementor-widget-container\">\n\t\t\t\t\t\t\t\t\t\t\t\t\t\t\t<img decoding=\"async\" width=\"1000\" height=\"1000\" src=\"https:\/\/cepheienergy.com\/site\/wp-content\/uploads\/2023\/10\/Foco-Urbano-Halo-01.webp\" class=\"attachment-large size-large wp-image-416\" alt=\"\" srcset=\"https:\/\/cepheienergy.com\/site\/wp-content\/uploads\/2023\/10\/Foco-Urbano-Halo-01.webp 1000w, https:\/\/cepheienergy.com\/site\/wp-content\/uploads\/2023\/10\/Foco-Urbano-Halo-01-300x300.webp 300w, https:\/\/cepheienergy.com\/site\/wp-content\/uploads\/2023\/10\/Foco-Urbano-Halo-01-150x150.webp 150w, https:\/\/cepheienergy.com\/site\/wp-content\/uploads\/2023\/10\/Foco-Urbano-Halo-01-768x768.webp 768w\" sizes=\"(max-width: 1000px) 100vw, 1000px\" \/>\t\t\t\t\t\t\t\t\t\t\t\t\t\t\t<\/div>\n\t\t\t\t<\/div>\n\t\t\t\t<div class=\"elementor-element elementor-element-bc18301 elementor-arrows-position-inside elementor-pagination-position-outside elementor-widget elementor-widget-image-carousel\" data-id=\"bc18301\" data-element_type=\"widget\" data-e-type=\"widget\" data-settings=\"{&quot;navigation&quot;:&quot;both&quot;,&quot;autoplay&quot;:&quot;yes&quot;,&quot;pause_on_hover&quot;:&quot;yes&quot;,&quot;pause_on_interaction&quot;:&quot;yes&quot;,&quot;autoplay_speed&quot;:5000,&quot;infinite&quot;:&quot;yes&quot;,&quot;speed&quot;:500}\" data-widget_type=\"image-carousel.default\">\n\t\t\t\t<div class=\"elementor-widget-container\">\n\t\t\t\t\t\t\t<div class=\"elementor-image-carousel-wrapper swiper\" role=\"region\" aria-roledescription=\"carousel\" aria-label=\"Carrusel de im\u00e1genes\" dir=\"ltr\">\n\t\t\t<div class=\"elementor-image-carousel swiper-wrapper\" aria-live=\"off\">\n\t\t\t\t\t\t\t\t<div class=\"swiper-slide\" role=\"group\" aria-roledescription=\"slide\" aria-label=\"1 de 4\"><figure class=\"swiper-slide-inner\"><img decoding=\"async\" class=\"swiper-slide-image\" src=\"https:\/\/cepheienergy.com\/site\/wp-content\/uploads\/2023\/10\/Foco-Urbano-Halo-01-150x150.webp\" alt=\"Foco Urbano Halo 01\" \/><\/figure><\/div><div class=\"swiper-slide\" role=\"group\" aria-roledescription=\"slide\" aria-label=\"2 de 4\"><figure class=\"swiper-slide-inner\"><img decoding=\"async\" class=\"swiper-slide-image\" src=\"https:\/\/cepheienergy.com\/site\/wp-content\/uploads\/2023\/10\/Foco-Urbano-Halo-02-150x150.webp\" alt=\"Foco Urbano Halo 02\" \/><\/figure><\/div><div class=\"swiper-slide\" role=\"group\" aria-roledescription=\"slide\" aria-label=\"3 de 4\"><figure class=\"swiper-slide-inner\"><img decoding=\"async\" class=\"swiper-slide-image\" src=\"https:\/\/cepheienergy.com\/site\/wp-content\/uploads\/2023\/10\/Foco-Urbano-Halo-03-150x150.webp\" alt=\"Foco Urbano Halo 03\" \/><\/figure><\/div><div class=\"swiper-slide\" role=\"group\" aria-roledescription=\"slide\" aria-label=\"4 de 4\"><figure class=\"swiper-slide-inner\"><img decoding=\"async\" class=\"swiper-slide-image\" src=\"https:\/\/cepheienergy.com\/site\/wp-content\/uploads\/2023\/10\/Foco-Urbano-Halo-04-150x150.webp\" alt=\"Foco Urbano Halo 04\" \/><\/figure><\/div>\t\t\t<\/div>\n\t\t\t\t\t\t\t\t\t\t\t\t<div class=\"elementor-swiper-button elementor-swiper-button-prev\" role=\"button\" tabindex=\"0\">\n\t\t\t\t\t\t<i aria-hidden=\"true\" class=\"eicon-chevron-left\"><\/i>\t\t\t\t\t<\/div>\n\t\t\t\t\t<div class=\"elementor-swiper-button elementor-swiper-button-next\" role=\"button\" tabindex=\"0\">\n\t\t\t\t\t\t<i aria-hidden=\"true\" class=\"eicon-chevron-right\"><\/i>\t\t\t\t\t<\/div>\n\t\t\t\t\n\t\t\t\t\t\t\t\t\t<div class=\"swiper-pagination\"><\/div>\n\t\t\t\t\t\t\t\t\t<\/div>\n\t\t\t\t\t\t<\/div>\n\t\t\t\t<\/div>\n\t\t\t\t\t<\/div>\n\t\t<\/div>\n\t\t\t\t<div class=\"elementor-column elementor-col-50 elementor-inner-column elementor-element elementor-element-772dca7\" data-id=\"772dca7\" data-element_type=\"column\" data-e-type=\"column\">\n\t\t\t<div class=\"elementor-widget-wrap elementor-element-populated\">\n\t\t\t\t\t\t<div class=\"elementor-element elementor-element-e299b4b elementor-tabs-view-horizontal elementor-widget elementor-widget-tabs\" data-id=\"e299b4b\" data-element_type=\"widget\" data-e-type=\"widget\" data-widget_type=\"tabs.default\">\n\t\t\t\t<div class=\"elementor-widget-container\">\n\t\t\t\t\t\t\t<div class=\"elementor-tabs\">\n\t\t\t<div class=\"elementor-tabs-wrapper\" role=\"tablist\" >\n\t\t\t\t\t\t\t\t\t<div id=\"elementor-tab-title-2371\" class=\"elementor-tab-title elementor-tab-desktop-title\" aria-selected=\"true\" data-tab=\"1\" role=\"tab\" tabindex=\"0\" aria-controls=\"elementor-tab-content-2371\" aria-expanded=\"false\">Descripci\u00f3n<\/div>\n\t\t\t\t\t\t\t\t\t<div id=\"elementor-tab-title-2372\" class=\"elementor-tab-title elementor-tab-desktop-title\" aria-selected=\"false\" data-tab=\"2\" role=\"tab\" tabindex=\"-1\" aria-controls=\"elementor-tab-content-2372\" aria-expanded=\"false\">Caracter\u00edsticas<\/div>\n\t\t\t\t\t\t\t<\/div>\n\t\t\t<div class=\"elementor-tabs-content-wrapper\" role=\"tablist\" aria-orientation=\"vertical\">\n\t\t\t\t\t\t\t\t\t<div class=\"elementor-tab-title elementor-tab-mobile-title\" aria-selected=\"true\" data-tab=\"1\" role=\"tab\" tabindex=\"0\" aria-controls=\"elementor-tab-content-2371\" aria-expanded=\"false\">Descripci\u00f3n<\/div>\n\t\t\t\t\t<div id=\"elementor-tab-content-2371\" class=\"elementor-tab-content elementor-clearfix\" data-tab=\"1\" role=\"tabpanel\" aria-labelledby=\"elementor-tab-title-2371\" tabindex=\"0\" hidden=\"false\"><p>La est\u00e9tica de la ciudad es inseparable de la iluminaci\u00f3n, Halo luminaria exterior poste satisfizo la tendencia de la diferenciaci\u00f3n urbana con una curvatura suave, que evita de manera efectiva la acumulaci\u00f3n de polvo y hojas, no solo creando una atm\u00f3sfera ordenada sino tambi\u00e9n brindando una excelente disipaci\u00f3n del calor. Las luminaria exterior poste de la serie Halo para soportar un brazo simple o brazo doble montado para satisfacer las diferentes necesidades est\u00e9ticas de los clientes, est\u00e1n disponibles en <strong><mark class=\"has-inline-color has-theme-palette-1-color\">distribuciones<\/mark><\/strong> Tipo II, III o V dise\u00f1adas para reemplazar los sistemas de iluminaci\u00f3n HID de hasta 250 vatios MH o HPS. Las aplicaciones t\u00edpicas de iluminaci\u00f3n de \u00e1reas incluyen \u00e1reas de estacionamiento, pasarelas y aplicaciones de alumbrado p\u00fablico. Con los accesorios de repuesto, el Halo se puede instalar en seis tipos de montaje diferentes, como entrada lateral, colgante de poste, parte <strong><mark class=\"has-inline-color has-theme-palette-1-color\">superior de poste<\/mark><\/strong> de un solo brazo y parte superior de poste de brazo doble.<\/p><\/div>\n\t\t\t\t\t\t\t\t\t<div class=\"elementor-tab-title elementor-tab-mobile-title\" aria-selected=\"false\" data-tab=\"2\" role=\"tab\" tabindex=\"-1\" aria-controls=\"elementor-tab-content-2372\" aria-expanded=\"false\">Caracter\u00edsticas<\/div>\n\t\t\t\t\t<div id=\"elementor-tab-content-2372\" class=\"elementor-tab-content elementor-clearfix\" data-tab=\"2\" role=\"tabpanel\" aria-labelledby=\"elementor-tab-title-2372\" tabindex=\"0\" hidden=\"hidden\"><ul><li>Rango de potencia 20W hasta 150W<\/li><li>Dise\u00f1o de cuerpo s\u00faper suave<\/li><li>Carcasa completa de aluminio fundido a presi\u00f3n<\/li><li>Eficiencia hasta 170 lm\/W<\/li><li>Protecci\u00f3n contra sobretensiones 10 \/20KV, IP66&amp;IK10<\/li><li>Soporta m\u00faltiples modos de instalaci\u00f3n<\/li><li>Clase I y Clase II son opcionales.<\/li><li>Certificaci\u00f3n ENEC, CE, CB<\/li><li>Los tipos de lentes \u00f3pticas asim\u00e9tricas proporcionan una distribuci\u00f3n de luz profesional<\/li><li>Control inteligente: 1-10 V\/atenuaci\u00f3n DALI, NEMA, <strong>Zhaga<\/strong>, fotoc\u00e9lula, sensor de movimiento, control Zigbee\/Lora<\/li><\/ul><\/div>\n\t\t\t\t\t\t\t<\/div>\n\t\t<\/div>\n\t\t\t\t\t\t<\/div>\n\t\t\t\t<\/div>\n\t\t\t\t\t<\/div>\n\t\t<\/div>\n\t\t\t\t\t<\/div>\n\t\t<\/section>\n\t\t\t\t\t<\/div>\n\t\t<\/div>\n\t\t\t\t\t<\/div>\n\t\t<\/section>\n\t\t\t\t<\/div>\n\t\t","protected":false},"excerpt":{"rendered":"<p>LUCES PARA PATIO Las luces para patio es un tipo de iluminaci\u00f3n exterior. Utiliza un nuevo tipo de semiconductor LED como iluminante. Por lo general, se refiere a la iluminaci\u00f3n exterior que ilumina un \u00e1rea de menos de 6 metros cuadrados. Sus componentes principales incluyen una fuente de luz LED, una carcasa, un poste y [&hellip;]<\/p>\n","protected":false},"author":1,"featured_media":0,"parent":0,"menu_order":0,"comment_status":"closed","ping_status":"closed","template":"","meta":{"site-sidebar-layout":"no-sidebar","site-content-layout":"","ast-site-content-layout":"full-width-container","site-content-style":"default","site-sidebar-style":"default","ast-global-header-display":"","ast-banner-title-visibility":"","ast-main-header-display":"","ast-hfb-above-header-display":"","ast-hfb-below-header-display":"","ast-hfb-mobile-header-display":"","site-post-title":"disabled","ast-breadcrumbs-content":"","ast-featured-img":"disabled","footer-sml-layout":"","ast-disable-related-posts":"","theme-transparent-header-meta":"","adv-header-id-meta":"","stick-header-meta":"","header-above-stick-meta":"","header-main-stick-meta":"","header-below-stick-meta":"","astra-migrate-meta-layouts":"default","ast-page-background-enabled":"default","ast-page-background-meta":{"desktop":{"background-color":"var(--ast-global-color-4)","background-image":"","background-repeat":"repeat","background-position":"center center","background-size":"auto","background-attachment":"scroll","background-type":"","background-media":"","overlay-type":"","overlay-color":"","overlay-opacity":"","overlay-gradient":""},"tablet":{"background-color":"","background-image":"","background-repeat":"repeat","background-position":"center center","background-size":"auto","background-attachment":"scroll","background-type":"","background-media":"","overlay-type":"","overlay-color":"","overlay-opacity":"","overlay-gradient":""},"mobile":{"background-color":"","background-image":"","background-repeat":"repeat","background-position":"center center","background-size":"auto","background-attachment":"scroll","background-type":"","background-media":"","overlay-type":"","overlay-color":"","overlay-opacity":"","overlay-gradient":""}},"ast-content-background-meta":{"desktop":{"background-color":"var(--ast-global-color-5)","background-image":"","background-repeat":"repeat","background-position":"center center","background-size":"auto","background-attachment":"scroll","background-type":"","background-media":"","overlay-type":"","overlay-color":"","overlay-opacity":"","overlay-gradient":""},"tablet":{"background-color":"var(--ast-global-color-5)","background-image":"","background-repeat":"repeat","background-position":"center center","background-size":"auto","background-attachment":"scroll","background-type":"","background-media":"","overlay-type":"","overlay-color":"","overlay-opacity":"","overlay-gradient":""},"mobile":{"background-color":"var(--ast-global-color-5)","background-image":"","background-repeat":"repeat","background-position":"center center","background-size":"auto","background-attachment":"scroll","background-type":"","background-media":"","overlay-type":"","overlay-color":"","overlay-opacity":"","overlay-gradient":""}},"footnotes":""},"class_list":["post-407","page","type-page","status-publish","hentry"],"_links":{"self":[{"href":"https:\/\/cepheienergy.com\/site\/wp-json\/wp\/v2\/pages\/407","targetHints":{"allow":["GET"]}}],"collection":[{"href":"https:\/\/cepheienergy.com\/site\/wp-json\/wp\/v2\/pages"}],"about":[{"href":"https:\/\/cepheienergy.com\/site\/wp-json\/wp\/v2\/types\/page"}],"author":[{"embeddable":true,"href":"https:\/\/cepheienergy.com\/site\/wp-json\/wp\/v2\/users\/1"}],"replies":[{"embeddable":true,"href":"https:\/\/cepheienergy.com\/site\/wp-json\/wp\/v2\/comments?post=407"}],"version-history":[{"count":7,"href":"https:\/\/cepheienergy.com\/site\/wp-json\/wp\/v2\/pages\/407\/revisions"}],"predecessor-version":[{"id":419,"href":"https:\/\/cepheienergy.com\/site\/wp-json\/wp\/v2\/pages\/407\/revisions\/419"}],"wp:attachment":[{"href":"https:\/\/cepheienergy.com\/site\/wp-json\/wp\/v2\/media?parent=407"}],"curies":[{"name":"wp","href":"https:\/\/api.w.org\/{rel}","templated":true}]}}